{"id":498,"date":"2025-09-25T16:30:59","date_gmt":"2025-09-25T14:30:59","guid":{"rendered":"https:\/\/cio-pontarlier.ac-besancon.fr\/?page_id=498"},"modified":"2025-10-14T14:43:15","modified_gmt":"2025-10-14T12:43:15","slug":"equipe-du-cio","status":"publish","type":"page","link":"https:\/\/cio-pontarlier.ac-besancon.fr\/?page_id=498","title":{"rendered":"\u00c9QUIPE DU CIO"},"content":{"rendered":"<p><img loading=\"lazy\" decoding=\"async\" class=\"wp-image-934 size-full aligncenter\" src=\"https:\/\/cio-pontarlier.ac-besancon.fr\/wp-content\/uploads\/sites\/128\/2025\/10\/Image2.png\" alt=\"\" width=\"218\" height=\"79\" \/><\/p>\n<p>&nbsp;<\/p>\n<p style=\"text-align: center\"><strong><span style=\"color: #0000ff\"><span style=\"color: #333399\">DIRECTION<\/span><\/span><\/strong><\/p>\n<p style=\"text-align: center\">Nad\u00e8ge MENIZ<\/p>\n<p>&nbsp;<\/p>\n<p style=\"text-align: center\"><span style=\"color: #333399\"><strong>ADMINISTRATION<\/strong><\/span><\/p>\n<p style=\"text-align: center\">Christel BOUCHER &#8211; Sol\u00e8ne ISSENLOR<\/p>\n<p>&nbsp;<\/p>\n<p style=\"text-align: center\"><span style=\"color: #333399\"><strong>PSYCHOLOGUES EDUCATION NATIONALE &#8211; Psy EN EDO<\/strong><\/span><\/p>\n<p style=\"text-align: center\"><span style=\"color: #cc99ff\"><span style=\"color: #0000ff\"><span style=\"color: #000000\">(\u00c9ducation D\u00e9veloppement et Conseil en Orientation Scolaire et Professionnelle)<\/span><\/span><br \/>\n<\/span><\/p>\n<p style=\"text-align: center\">Karine CASSARD<\/p>\n<p style=\"text-align: center\">Margaux DUPIRE<\/p>\n<p style=\"text-align: center\">Aurore FORNARA-GAVIGNET<\/p>\n<p style=\"text-align: center\">Nolwenn GIBAUD<\/p>\n<p style=\"text-align: center\">Cl\u00e9mentine MICHOULIER<\/p>\n<p style=\"text-align: center\">Aline MULLER<\/p>\n<p style=\"text-align: center\">Emmanuelle TORNARE<\/p>\n<p>&nbsp;<\/p>\n<p style=\"text-align: center\">&nbsp;<\/p>\n<p>&nbsp;<\/p>\n<p>&nbsp;<\/p>\n","protected":false},"excerpt":{"rendered":"<p>&nbsp; DIRECTION Nad\u00e8ge MENIZ &nbsp; ADMINISTRATION Christel BOUCHER &#8211; Sol\u00e8ne ISSENLOR &nbsp; PSYCHOLOGUES EDUCATION NATIONALE &#8211; Psy EN EDO (\u00c9ducation D\u00e9veloppement et Conseil en Orientation Scolaire et Professionnelle) Karine CASSARD Margaux DUPIRE Aurore FORNARA-GAVIGNET Nolwenn GIBAUD Cl\u00e9mentine MICHOULIER Aline MULLER &hellip; <a href=\"https:\/\/cio-pontarlier.ac-besancon.fr\/?page_id=498\">Continuer la lecture <span class=\"meta-nav\">&rarr;<\/span><\/a><\/p>\n","protected":false},"author":991,"featured_media":0,"parent":0,"menu_order":3,"comment_status":"closed","ping_status":"closed","template":"","meta":{"ngg_post_thumbnail":0,"footnotes":""},"class_list":["post-498","page","type-page","status-publish","hentry"],"publishpress_future_action":{"enabled":false,"date":"2026-05-13 19:04:40","action":"change-status","newStatus":"draft","terms":[],"taxonomy":"","extraData":[]},"publishpress_future_workflow_manual_trigger":{"enabledWorkflows":[]},"_links":{"self":[{"href":"https:\/\/cio-pontarlier.ac-besancon.fr\/index.php?rest_route=\/wp\/v2\/pages\/498","targetHints":{"allow":["GET"]}}],"collection":[{"href":"https:\/\/cio-pontarlier.ac-besancon.fr\/index.php?rest_route=\/wp\/v2\/pages"}],"about":[{"href":"https:\/\/cio-pontarlier.ac-besancon.fr\/index.php?rest_route=\/wp\/v2\/types\/page"}],"author":[{"embeddable":true,"href":"https:\/\/cio-pontarlier.ac-besancon.fr\/index.php?rest_route=\/wp\/v2\/users\/991"}],"replies":[{"embeddable":true,"href":"https:\/\/cio-pontarlier.ac-besancon.fr\/index.php?rest_route=%2Fwp%2Fv2%2Fcomments&post=498"}],"version-history":[{"count":26,"href":"https:\/\/cio-pontarlier.ac-besancon.fr\/index.php?rest_route=\/wp\/v2\/pages\/498\/revisions"}],"predecessor-version":[{"id":936,"href":"https:\/\/cio-pontarlier.ac-besancon.fr\/index.php?rest_route=\/wp\/v2\/pages\/498\/revisions\/936"}],"wp:attachment":[{"href":"https:\/\/cio-pontarlier.ac-besancon.fr\/index.php?rest_route=%2Fwp%2Fv2%2Fmedia&parent=498"}],"curies":[{"name":"wp","href":"https:\/\/api.w.org\/{rel}","templated":true}]}}