{"id":36,"date":"2016-05-04T14:14:54","date_gmt":"2016-05-04T12:14:54","guid":{"rendered":"https:\/\/cio-pontarlier.ac-besancon.fr\/?page_id=36"},"modified":"2025-10-14T14:05:23","modified_gmt":"2025-10-14T12:05:23","slug":"presentation-du-cio","status":"publish","type":"page","link":"https:\/\/cio-pontarlier.ac-besancon.fr\/?page_id=36","title":{"rendered":"Le CIO"},"content":{"rendered":"<p><strong><b>Centre d\u2019Information et d\u2019Orientation de PONTARLIER<\/b><\/strong><\/p>\n<p style=\"text-align: justify\" align=\"CENTER\">Le Centre d\u2019Information et d\u2019Orientation (C.I.O.) accueille les jeunes, scolaires et \u00e9tudiants, et les adultes \u00e0 la recherche d\u2019informations ou de conseils pour leur orientation.<\/p>\n<p align=\"left\"><strong>C\u2019est un service public et gratuit de l\u2019\u00c9ducation nationale.<\/strong><\/p>\n<p align=\"left\"><img loading=\"lazy\" decoding=\"async\" class=\"size-full wp-image-154 aligncenter\" src=\"https:\/\/cio-pontarlier.ac-besancon.fr\/wp-content\/uploads\/sites\/128\/2016\/06\/AUTODOC-ELEVES.jpg\" alt=\"AUTODOC ELEVES\" width=\"270\" height=\"203\"\/><\/p>\n<p style=\"text-align: justify\" align=\"left\">Les PSY E.N EDO sont disponibles, sur rendez-vous,&nbsp; pendant les permanences assur\u00e9es chaque apr\u00e8s-midi, pour \u00e9couter, informer, conseiller les jeunes et les adultes qui s\u2019interrogent sur leur scolarit\u00e9, leurs \u00e9tudes, leur avenir professionnel.<\/p>\n<p style=\"text-align: justify\" align=\"left\">Vous trouverez&nbsp; en salle d\u2019auto-documentation des documents (papier et informatique), en particulier les productions de l\u2019ONISEP (Office National d\u2019Information sur les Enseignements et les Professions ), en libre consultation.<\/p>\n<p align=\"left\">Nous vous proposons donc de profiter des ressources du CIO en consultant une importante documentation sp\u00e9cialis\u00e9e: brochures, revues, logiciels, web.<\/p>\n<p align=\"left\"><img loading=\"lazy\" decoding=\"async\" class=\"size-full wp-image-100 aligncenter\" src=\"https:\/\/cio-pontarlier.ac-besancon.fr\/wp-content\/uploads\/sites\/128\/2016\/06\/autodoc.jpg\" alt=\"autodoc\" width=\"350\" height=\"263\"\/><\/p>\n<p>&nbsp;<\/p>\n<p align=\"center\">&nbsp;<\/p>\n","protected":false},"excerpt":{"rendered":"<p>Centre d\u2019Information et d\u2019Orientation de PONTARLIER Le Centre d\u2019Information et d\u2019Orientation (C.I.O.) accueille les jeunes, scolaires et \u00e9tudiants, et les adultes \u00e0 la recherche d\u2019informations ou de conseils pour leur orientation. C\u2019est un service public et gratuit de l\u2019\u00c9ducation nationale. &hellip; <a href=\"https:\/\/cio-pontarlier.ac-besancon.fr\/?page_id=36\">Continuer la lecture <span class=\"meta-nav\">&rarr;<\/span><\/a><\/p>\n","protected":false},"author":991,"featured_media":0,"parent":31,"menu_order":1,"comment_status":"closed","ping_status":"closed","template":"onecolumn-page.php","meta":{"ngg_post_thumbnail":0,"footnotes":""},"class_list":["post-36","page","type-page","status-publish","hentry"],"publishpress_future_action":{"enabled":false,"date":"2026-05-13 19:04:41","action":"change-status","newStatus":"draft","terms":[],"taxonomy":"","extraData":[]},"publishpress_future_workflow_manual_trigger":{"enabledWorkflows":[]},"_links":{"self":[{"href":"https:\/\/cio-pontarlier.ac-besancon.fr\/index.php?rest_route=\/wp\/v2\/pages\/36","targetHints":{"allow":["GET"]}}],"collection":[{"href":"https:\/\/cio-pontarlier.ac-besancon.fr\/index.php?rest_route=\/wp\/v2\/pages"}],"about":[{"href":"https:\/\/cio-pontarlier.ac-besancon.fr\/index.php?rest_route=\/wp\/v2\/types\/page"}],"author":[{"embeddable":true,"href":"https:\/\/cio-pontarlier.ac-besancon.fr\/index.php?rest_route=\/wp\/v2\/users\/991"}],"replies":[{"embeddable":true,"href":"https:\/\/cio-pontarlier.ac-besancon.fr\/index.php?rest_route=%2Fwp%2Fv2%2Fcomments&post=36"}],"version-history":[{"count":25,"href":"https:\/\/cio-pontarlier.ac-besancon.fr\/index.php?rest_route=\/wp\/v2\/pages\/36\/revisions"}],"predecessor-version":[{"id":940,"href":"https:\/\/cio-pontarlier.ac-besancon.fr\/index.php?rest_route=\/wp\/v2\/pages\/36\/revisions\/940"}],"up":[{"embeddable":true,"href":"https:\/\/cio-pontarlier.ac-besancon.fr\/index.php?rest_route=\/wp\/v2\/pages\/31"}],"wp:attachment":[{"href":"https:\/\/cio-pontarlier.ac-besancon.fr\/index.php?rest_route=%2Fwp%2Fv2%2Fmedia&parent=36"}],"curies":[{"name":"wp","href":"https:\/\/api.w.org\/{rel}","templated":true}]}}